nd derivative of -1/3*f**3 + 0 - 1/6*f**4 - 1/2*f**2 + 1/20*f**5 - f. Give j(3).
2
Let v(w) = w**3 - 6*w**2 - 2*w + 8. Let c = -13 - -19. Give v(c).
-4
Let d(b) = b + 3. Suppose -2*v + 7 = 3. Suppose -7 = -v*k - 1. Suppose 0 = -k*u - 4*s - 35, 2*u - 4 = 5*s + 11. What is d(u)?
-2
Suppose 22*v - 29*v + 56 = 0. Let n(g) = -g**3 + 7*g**2 + 12*g - 2. Calculate n(v).
30
Let y(f) = -f**3 - 6*f**2 + f - 6. Let h be y(-6). Let w = -5 - h. Let j(g) = -1 - 3*g**2 + 4*g**2 + 2*g - w*g**2. Determine j(1).
-5
Suppose -4*r = 2*o - 6, -4*r - 5*o + 3 = -0*o. Let c(w) = -w**2 + 2*w + 1. What is c(r)?
1
Let w(v) be the second derivative of -v**4/12 + v**3/2 - v**2 - 3*v. Determine w(3).
-2
Let t(z) = z - 6. Let c be (30/8)/(5/20). Let a = 10 - c. Let x = 10 + a. Give t(x).
-1
Let w(x) be the second derivative of -x**5/20 - x**4/2 - 2*x**3/3 + 5*x**2/2 - x. Let q(a) = 2*a - 33. Let u be q(14). Give w(u).
0
Let g be 28/2 - (2 - 5). Suppose -3*k = k + x - g, 4*k + 5*x - 5 = 0. Let q(y) be the first derivative of -y**4/4 + 5*y**3/3 - y**2/2 - 3*y + 2. Calculate q(k).
-8
Suppose 3*f = f - q + 8, 2*f + 2*q = 6. Let c(i) = 7*i**2 - 10*i + 2. Let p(s) = -6*s**2 + 9*s - 1. Let w(t) = 5*c(t) + 6*p(t). Determine w(f).
-1
Let b(c) = -c**3 + 4*c**2 + 5*c + 5. Suppose 5*o = -5*r + 40, 6*r + 2*o = 2*r + 26. Suppose -4*n - 4 = -3*i - 1, 2*i + r*n - 25 = 0. Calculate b(i).
5
Let u(n) = n**2 - 6*n + 8. Let h = -4 - -10. Give u(h).
8
Let y(h) = h - 1. Let z(q) = q**3 + 6*q**2 + 5*q + 2. Let u be z(-5). Suppose u*b = 5*b. Let n = -4 - b. Give y(n).
-5
Let l(h) = -h**3 - 5*h**2 + 7*h - 2. Suppose -5*x + 0*x = 65. Let t = 24 + -31. Let y = x - t. Give l(y).
-8
Let l(a) be the second derivative of -a**5/120 - a**4/8 + 2*a**3/3 + a. Let w(q) be the second derivative of l(q). Give w(3).
-6
Let k = 13 - 8. Let o = 2 - 1. Let p = k - o. Let z(m) = -m - 3. Determine z(p).
-7
Let b be ((-4)/(-2))/(1/(-1)). Let y = b + 0. Let o(a) = -6*a**3 - 3*a**2 - 4*a - 7. Let k(n) = -n**3 - 1. Let j(q) = -5*k(q) + o(q). Determine j(y).
2
Let y(k) = -5*k - 1. Suppose -4*a - 2 = -6. Suppose -v - a = -4. Suppose -v*s = -6*s - 6. Calculate y(s).
9
Let c(k) = -7*k**2 + 3. Let d(f) = -34*f**2 + 14. Let a(p) = -14*c(p) + 3*d(p). Determine a(-1).
-4
Let a(w) = w**2 - 10*w + 11. Let k be a(9). Let m(g) = -g**2 + 3*g + 2. Determine m(k).
4
Let c(g) = g - 2. Suppose -x - 4*x = 25. Calculate c(x).
-7
Let d(y) = -5*y**3 - 61*y**2 - 56*y + 51. Let p(j) = j**3 + 12*j**2 + 11*j - 10. Let b(g) = -2*d(g) - 11*p(g). What is b(-9)?
8
Let h(q) = -13 + 6 + 4*q - 3*q. Give h(5).
-2
Let o(d) = 2 + d - 2 - 6 + 7. Determine o(7).
8
Let p = -14 - -19. Let f(m) be the second derivative of 0 - 3*m + 1/4*m**4 + m**2 + 1/20*m**p + 1/6*m**3. Determine f(-3).
-1
Suppose 0 = 2*t - 5*v - 2, -4*t + 0*v - 8 = -4*v. Let y(z) = z**2 + 3*z - 2. Give y(t).
2
Let z = 73 + -78. Let g(x) = -2*x. Give g(z).
10
Suppose -3*f + y + 5 = 6, 0 = -5*y + 5. Let u be (1 + 2)*(-12)/(-18). Let o(i) = -4*i**2 + 3*i**2 + 0*i**u + 5 + i. Determine o(f).
5
Let w(f) = 5*f**2 - 31 - 4*f**2 - 41 + 66. Calculate w(0).
-6
Let y(t) = -t**2 - 1. Let g(d) = d**3 - 2*d**2 - 5*d - 4. Let w(v) = -g(v) + 5*y(v). Calculate w(-4).
-5
Let v(o) be the second derivative of o**3 + 3*o + 1/12*o**4 + 0 + 1/2*o**2. Give v(-4).
-7
Let c(h) = -h**2 - 2*h + 2. Let f be 3 - 2*(-3)/6. Let z = 1 - f. Give c(z).
-1
Let m be (-3)/15 + (-38)/10. Let n be (-4)/(-4 + -4)*m. Let l(b) = -9*b - 4. Let j(k) = -10*k - 5. Let f(y) = 6*j(y) - 7*l(y). Calculate f(n).
-8
Suppose -2*m + 5*m = 174. Suppose -2*g = g - 4*f + 32, 0 = -4*g - 2*f - 28. Let o be g/(-36) + m/(-18). Let j(u) = u**2 + u - 1. Calculate j(o).
5
Suppose -5*r - 2*v + 0*v = -41, 0 = 2*r + 3*v - 23. Suppose 0 = 3*b - 1 + r. Let m(d) = -3*d + 1. Calculate m(b).
7
Let k(s) = -5*s + 1. Let c be k(1). Let y(v) = -v**3 - 3*v**2 + 7*v + 5. Give y(c).
-7
Let i(y) = -2*y + 1 + 1 + y. Let m = 6 + -9. Calculate i(m).
5
Suppose 0 = -7*x + 3*x + 16. Let f(s) = s - 6. Calculate f(x).
-2
Let k(q) be the second derivative of 0 + 1/6*q**3 - 5/2*q**2 + q. Calculate k(0).
-5
Let b(w) = -3*w + 0 + 2 + 2*w - w. Let h = 1 + 1. Suppose h - 5 = -q. Determine b(q).
-4
Suppose 0 = 4*f + 8 - 0. Let o(g) = g**3 + 2*g**2 + g. What is o(f)?
-2
Suppose 0 = 2*s + 2*s + 20. Let y(z) = z + 5. What is y(s)?
0
Let d(n) = 3*n**3 - n**2 + 2*n - 1. Suppose z = y + 3*z - 2, 0 = -4*y + 5*z + 8. Determine d(y).
23
Let z = 13 + -13. Let w(v) be the first derivative of 1/2*v**2 - 5*v - 2 - 1/3*v**3. What is w(z)?
-5
Let h(q) = 5*q**3 + 3*q**2 - 3 - 2 - 2 + 0*q**2 - 2*q. Let y(t) = 9*t**3 + 5*t**2 - 3*t - 13. Let r(v) = -7*h(v) + 4*y(v). Calculate r(2).
5
Let a be ((-45)/60)/(2/(-8)). Suppose -a*t - 12 = t. Let i(j) = -j**3 - 3*j**2 + j - 2. Determine i(t).
-5
Let j be (-25)/(-4) + 1/(-4). Let d(b) be the first derivative of -b**3/3 + 3*b**2 - b + 90. Calculate d(j).
-1
Let g(m) = m**3 + 3 - 2*m**2 + 2 - 2*m**2. Determine g(4).
5
Let p(c) be the third derivative of c**2 - 1/120*c**6 + 1/2*c**3 + 0 - 5/24*c**4 - 1/10*c**5 + 0*c. Suppose 0*f = f + 4. Calculate p(f).
-9
Let p(y) be the first derivative of -y**4/4 + 5*y**3/3 - 2*y**2 - y - 1. Suppose 4*m + 32 = 5*k, -5*k + 0*m + 2*m + 26 = 0. Calculate p(k).
-1
Let n(i) = -4*i + 5*i + 10*i**3 - 2*i**3. Suppose -3 = 2*k - 1. Determine n(k).
-9
Let s(i) = 2 - 5*i + 4*i**2 - 3*i + 1. Let l(r) = 5*r**2 - 8*r + 2. Let a(w) = -3*l(w) + 4*s(w). Give a(6).
-6
Suppose -2*x = -7*x - 25. Let y(j) = j**3 + 6*j**2 + 7*j. Give y(x).
-10
Let p(v) = -3*v - 4. Let x be (-26)/6 + 24/(-36). Give p(x).
11
Let r = 7 + -3. Let q(f) = 16*f**2 - 41*f + 4. Let s(b) = -3*b**2 + 8*b - 1. Let p(y) = 2*q(y) + 11*s(y). What is p(r)?
5
Suppose -x - 10 = 4*x. Let b(g) = -1 + 0*g + 0*g + g. Give b(x).
-3
Suppose 2*s + 0*s + 12 = 0. Let a(l) = 0*l**2 - 2*l**2 + 5*l + 3*l**2 - 5. Give a(s).
1
Let j be (-9)/12 - 2/8. Let l be (2 - 3 - 0)/j. Let p(v) = -1 + 2*v + 0 - l. Calculate p(2).
2
Let x(u) = u - 2. Let z(k) = 9*k. Let d be z(-1). Let c(g) = -g - 4. Let y be c(d). Let p(n) = n**2 - 5*n + 3. Let t be p(y). Determine x(t).
1
Let t(l) = l**2 - 4*l + 3. Suppose 0 = -4*m + 27 - 3. Calculate t(m).
15
Let j(g) be the third derivative of g**6/720 - g**5/120 - g**4/4 + 6*g**2. Let a(s) be the second derivative of j(s). Determine a(-1).
-2
Let i(k) = k**2 + 2*k + 1. Let a(m) = m + 3. Let z be a(-3). Suppose z = h - 0*h + 4. Determine i(h).
9
Let m(f) = 10 + 21*f - f**2 + 1 - 7 - 16*f. What is m(6)?
-2
Let s(k) = k**3 + 6 - 2*k**2 - 3*k**2 + 3*k + k**2 - 2*k**2. Determine s(5).
-4
Let n(r) = r**2. Let b(q) = q - 2. Let p be b(3). Suppose -5*y = -0*y - 10. Let d be y - p - 4/2. What is n(d)?
1
Suppose 4*a = -d + 17, -d + 0 = -2*a + 1. Suppose -2*q - 25 = 5*f, -2*q - a = -f + 16. Let j = -6 - q. Let y(l) = -l**3 + 5*l**2 - 4*l - 2. Determine y(j).
-2
Let w(s) = -6 + 5*s + 7 + 0 - 3*s. Let o = -31 + 9. Let b be o/18 - 2/(-9). Give w(b).
-1
Let k = -117 + 111. Let t(s) = s + 7. Give t(k).
1
Suppose -x = -5*x. Let f(l) = -l**3 - l**2 + 2. What is f(x)?
2
Let f(a) = 11*a**3 - a**2 + 1. Let s be f(1). Let g(k) = -k + 11 - s. Give g(-4).
4
Let l(u) be the second derivative of u**3/2 + u**2/2 - 8*u. Determine l(-2).
-5
Let x(d) = d**3 - d**2 - 3*d - 6. Let m(v) = 2*v**3 - 2*v**2 - 5*v - 11. Let n(f) = -3*m(f) + 5*x(f). Suppose 4 + 8 = 3*i. Suppose -i*o = -o. What is n(o)?
3
Let h be (-2 + -1 + 0)*-1. Let u(k) = h*k**2 - 7*k + 4 + 9*k - 4*k**2. Give u(3).
1
Let a = 36 + -33. Let q(i) = -1. Let w(n) = 2*n - 2. Let t = -2 - -3. Let s(x) = a*q(x) + t*w(x). Determine s(5).
5
Let p(g) = 3*g. Let u = -6 - -10. Suppose 3*z = -0*z + 6, -z = u*d - 14. Determine p(d).
9
Let r(b) = -b**2 + 3*b - 1. Let w(u) = 6*u**2 - 3*u + 2. Let q be w(1). What is r(q)?
-11
Suppose -m - 2*j = -2*m - 5, 5 = 4*m - 3*j. Let o(h) = 4*h + h - 4*h - 1. Determine o(m).
4
Let s(q) = 4*q**3 - q**2 + 3*q - 2. Let b(k) = 3*k**3 + 2*k - 1. Let z(l) = -5*b(l) + 4*s(l). Suppose 5 - 14 = -3*g. Give z(g).
-6
Let u(m) = -m**3 + 2*m**2 + m. Let x be u(2). Let q(k) = -13*k**2 - k - 16. Let b(i) = -9*i**2 - i - 11. Let c(f) = -7*b(f) + 5*q(f). What is c(x)?
-7
Let v be (-1)/(3*2/42). Let a = -4 - v. Let t(p) = p - 2. Calculate t(a).
1
Let t be 1*-5*3/(-5). Let x be (t - 7)/(-2 + 0). Let p(i) = -i + 0*i + x*i. What is p(2)?